{"id":3287,"date":"2017-05-30T10:08:03","date_gmt":"2017-05-30T10:08:03","guid":{"rendered":"http:\/\/tischlereidreyer.de\/?page_id=3287"},"modified":"2017-06-06T11:38:21","modified_gmt":"2017-06-06T11:38:21","slug":"wir-ueber-uns","status":"publish","type":"page","link":"https:\/\/tischlereidreyer.de\/?page_id=3287","title":{"rendered":"Wir \u00fcber uns"},"content":{"rendered":"<div id='layer_slider_1'  class='avia-layerslider main_color avia-shadow  avia-builder-el-0  el_before_av_one_full  avia-builder-el-first  container_wrap sidebar_right'  style='height: 471px; max-width: 1140px; margin: 0 auto;'  ><\/div><div id='after_layer_slider_1'  class='main_color av_default_container_wrap container_wrap sidebar_right'  ><div class='container av-section-cont-open' ><div class='template-page content  av-content-small alpha units'><div class='post-entry post-entry-type-page post-entry-3287'><div class='entry-content-wrapper clearfix'>\n\n<style type=\"text\/css\" data-created_by=\"avia_inline_auto\" id=\"style-css-av-av_one_full-6126cab7d8fab8d08143dd2dacdf673c\">\n.flex_column.av-av_one_full-6126cab7d8fab8d08143dd2dacdf673c{\nborder-radius:0px 0px 0px 0px;\n-webkit-border-radius:0px 0px 0px 0px;\n-moz-border-radius:0px 0px 0px 0px;\n}\n<\/style>\n<div class='flex_column av-av_one_full-6126cab7d8fab8d08143dd2dacdf673c av_one_full  avia-builder-el-1  el_after_av_layerslider  el_before_av_one_third  avia-builder-el-first  first flex_column_div av-zero-column-padding '   ><section  class='av_textblock_section av-av_textblock-396ddf1f42196ca838231e61a4602801'  itemscope=\"itemscope\" itemtype=\"https:\/\/schema.org\/CreativeWork\" ><div class='avia_textblock'  itemprop=\"text\" ><h1>Wir \u00fcber uns<\/h1>\n<\/div><\/section><\/div>\n\n<style type=\"text\/css\" data-created_by=\"avia_inline_auto\" id=\"style-css-av-av_one_third-6126cab7d8fab8d08143dd2dacdf673c\">\n.flex_column.av-av_one_third-6126cab7d8fab8d08143dd2dacdf673c{\nborder-radius:0px 0px 0px 0px;\n-webkit-border-radius:0px 0px 0px 0px;\n-moz-border-radius:0px 0px 0px 0px;\n}\n<\/style>\n<div class='flex_column av-av_one_third-6126cab7d8fab8d08143dd2dacdf673c av_one_third  avia-builder-el-3  el_after_av_one_full  el_before_av_one_third  first flex_column_div av-zero-column-padding column-top-margin'   ><style type=\"text\/css\" data-created_by=\"avia_inline_auto\" id=\"style-css-av-av_image-4feb9ce41bc21d49c6b62a4b8fc284cc\">\n.avia-image-container.av-av_image-4feb9ce41bc21d49c6b62a4b8fc284cc .av-image-caption-overlay-center{\ncolor:#ffffff;\n}\n<\/style>\n<div  class='avia-image-container av-av_image-4feb9ce41bc21d49c6b62a4b8fc284cc av-styling- avia_animated_image avia_animate_when_almost_visible left-to-right avia-align-center  avia-builder-el-4  avia-builder-el-no-sibling '  itemprop=\"image\" itemscope=\"itemscope\" itemtype=\"https:\/\/schema.org\/ImageObject\" ><div class=\"avia-image-container-inner\"><div class=\"avia-image-overlay-wrap\"><img decoding=\"async\" class='wp-image-3292 avia-img-lazy-loading-not-3292 avia_image' src=\"https:\/\/tischlereidreyer.de\/wp-content\/uploads\/2017\/05\/firma-300x225.jpg\" alt='' title='firma'  height=\"225\" width=\"300\"  itemprop=\"thumbnailUrl\" srcset=\"https:\/\/tischlereidreyer.de\/wp-content\/uploads\/2017\/05\/firma-300x225.jpg 300w, https:\/\/tischlereidreyer.de\/wp-content\/uploads\/2017\/05\/firma-450x338.jpg 450w, https:\/\/tischlereidreyer.de\/wp-content\/uploads\/2017\/05\/firma.jpg 640w\" sizes=\"(max-width: 300px) 100vw, 300px\" \/><\/div><\/div><\/div><\/div>\n\n<style type=\"text\/css\" data-created_by=\"avia_inline_auto\" id=\"style-css-av-av_one_third-0aa7055fe62c3622faec82866afbaeb2\">\n.flex_column.av-av_one_third-0aa7055fe62c3622faec82866afbaeb2{\nborder-radius:0px 0px 0px 0px;\n-webkit-border-radius:0px 0px 0px 0px;\n-moz-border-radius:0px 0px 0px 0px;\n}\n<\/style>\n<div class='flex_column av-av_one_third-0aa7055fe62c3622faec82866afbaeb2 av_one_third  avia-builder-el-5  el_after_av_one_third  el_before_av_one_third  flex_column_div av-zero-column-padding column-top-margin'   ><section  class='av_textblock_section av-av_textblock-396ddf1f42196ca838231e61a4602801'  itemscope=\"itemscope\" itemtype=\"https:\/\/schema.org\/CreativeWork\" ><div class='avia_textblock'  itemprop=\"text\" ><p>Die renommierte <strong>Tischlerei R\u00f6seler<\/strong> in Eystrup wurde im Oktober 2008 von Marco Dreyer \u00fcbernommen. Schon die Vorg\u00e4nger von Marco Dreyer, August und Hermann R\u00f6seler, haben stets gro\u00dfen Wert auf solide handwerkliche Qualit\u00e4t gelegt, genau das hat den Betrieb weit \u00fcber die Grenzen von Eystrup hinaus bekannt gemacht. Dieses Ziel hat sich auch Marco Dreyer gesetzt.<\/p>\n<\/div><\/section><\/div>\n\n<style type=\"text\/css\" data-created_by=\"avia_inline_auto\" id=\"style-css-av-av_one_third-0aa7055fe62c3622faec82866afbaeb2\">\n.flex_column.av-av_one_third-0aa7055fe62c3622faec82866afbaeb2{\nborder-radius:0px 0px 0px 0px;\n-webkit-border-radius:0px 0px 0px 0px;\n-moz-border-radius:0px 0px 0px 0px;\n}\n<\/style>\n<div class='flex_column av-av_one_third-0aa7055fe62c3622faec82866afbaeb2 av_one_third  avia-builder-el-7  el_after_av_one_third  avia-builder-el-last  flex_column_div av-zero-column-padding column-top-margin'   ><section  class='av_textblock_section av-av_textblock-396ddf1f42196ca838231e61a4602801'  itemscope=\"itemscope\" itemtype=\"https:\/\/schema.org\/CreativeWork\" ><div class='avia_textblock'  itemprop=\"text\" ><p>Das Angebot an Leistungen ist derart vielf\u00e4ltig, gem\u00e4\u00df dem Motto \u201cgeht nicht, gibt es nicht\u201d. Herr Dreyer steht Ihnen in einem Beratungsgespr\u00e4ch gerne zur Verf\u00fcgung.<\/p>\n<p>Wir sind nicht nur in den Landkreisen Nienburg, Verden, Diepholz und Soltau-Fallingbostel t\u00e4tig!<\/p>\n<\/div><\/section><\/div>\n","protected":false},"excerpt":{"rendered":"","protected":false},"author":1,"featured_media":0,"parent":0,"menu_order":0,"comment_status":"closed","ping_status":"closed","template":"","meta":{"footnotes":""},"class_list":["post-3287","page","type-page","status-publish","hentry"],"_links":{"self":[{"href":"https:\/\/tischlereidreyer.de\/index.php?rest_route=\/wp\/v2\/pages\/3287","targetHints":{"allow":["GET"]}}],"collection":[{"href":"https:\/\/tischlereidreyer.de\/index.php?rest_route=\/wp\/v2\/pages"}],"about":[{"href":"https:\/\/tischlereidreyer.de\/index.php?rest_route=\/wp\/v2\/types\/page"}],"author":[{"embeddable":true,"href":"https:\/\/tischlereidreyer.de\/index.php?rest_route=\/wp\/v2\/users\/1"}],"replies":[{"embeddable":true,"href":"https:\/\/tischlereidreyer.de\/index.php?rest_route=%2Fwp%2Fv2%2Fcomments&post=3287"}],"version-history":[{"count":7,"href":"https:\/\/tischlereidreyer.de\/index.php?rest_route=\/wp\/v2\/pages\/3287\/revisions"}],"predecessor-version":[{"id":3328,"href":"https:\/\/tischlereidreyer.de\/index.php?rest_route=\/wp\/v2\/pages\/3287\/revisions\/3328"}],"wp:attachment":[{"href":"https:\/\/tischlereidreyer.de\/index.php?rest_route=%2Fwp%2Fv2%2Fmedia&parent=3287"}],"curies":[{"name":"wp","href":"https:\/\/api.w.org\/{rel}","templated":true}]}}

Wir über uns

<div id='layer_slider_1'  class='avia-layerslider main_color avia-shadow  avia-builder-el-0  el_before_av_one_full  avia-builder-el-first  container_wrap sidebar_right'  style='height: 471px; max-width: 1140px; margin: 0 auto;'  ></div><div id='after_layer_slider_1'  class='main_color av_default_container_wrap container_wrap sidebar_right'  ><div class='container av-section-cont-open' ><div class='template-page content  av-content-small alpha units'><div class='post-entry post-entry-type-page post-entry-3287'><div class='entry-content-wrapper clearfix'>

<style type="text/css" data-created_by="avia_inline_auto" id="style-css-av-av_one_full-6126cab7d8fab8d08143dd2dacdf673c">
.flex_column.av-av_one_full-6126cab7d8fab8d08143dd2dacdf673c{
border-radius:0px 0px 0px 0px;
-webkit-border-radius:0px 0px 0px 0px;
-moz-border-radius:0px 0px 0px 0px;
}
</style>
<div class='flex_column av-av_one_full-6126cab7d8fab8d08143dd2dacdf673c av_one_full  avia-builder-el-1  el_after_av_layerslider  el_before_av_one_third  avia-builder-el-first  first flex_column_div av-zero-column-padding '   ><section  class='av_textblock_section av-av_textblock-396ddf1f42196ca838231e61a4602801'  itemscope="itemscope" itemtype="https://schema.org/CreativeWork" ><div class='avia_textblock'  itemprop="text" ><h1>Wir über uns</h1>
</div></section></div>

<style type="text/css" data-created_by="avia_inline_auto" id="style-css-av-av_one_third-6126cab7d8fab8d08143dd2dacdf673c">
.flex_column.av-av_one_third-6126cab7d8fab8d08143dd2dacdf673c{
border-radius:0px 0px 0px 0px;
-webkit-border-radius:0px 0px 0px 0px;
-moz-border-radius:0px 0px 0px 0px;
}
</style>
<div class='flex_column av-av_one_third-6126cab7d8fab8d08143dd2dacdf673c av_one_third  avia-builder-el-3  el_after_av_one_full  el_before_av_one_third  first flex_column_div av-zero-column-padding column-top-margin'   ><style type="text/css" data-created_by="avia_inline_auto" id="style-css-av-av_image-4feb9ce41bc21d49c6b62a4b8fc284cc">
.avia-image-container.av-av_image-4feb9ce41bc21d49c6b62a4b8fc284cc .av-image-caption-overlay-center{
color:#ffffff;
}
</style>
<div  class='avia-image-container av-av_image-4feb9ce41bc21d49c6b62a4b8fc284cc av-styling- avia_animated_image avia_animate_when_almost_visible left-to-right avia-align-center  avia-builder-el-4  avia-builder-el-no-sibling '  itemprop="image" itemscope="itemscope" itemtype="https://schema.org/ImageObject" ><div class="avia-image-container-inner"><div class="avia-image-overlay-wrap"><img decoding="async" class='wp-image-3292 avia-img-lazy-loading-not-3292 avia_image' src="https://tischlereidreyer.de/wp-content/uploads/2017/05/firma-300x225.jpg" alt='' title='firma'  height="225" width="300"  itemprop="thumbnailUrl" srcset="https://tischlereidreyer.de/wp-content/uploads/2017/05/firma-300x225.jpg 300w, https://tischlereidreyer.de/wp-content/uploads/2017/05/firma-450x338.jpg 450w, https://tischlereidreyer.de/wp-content/uploads/2017/05/firma.jpg 640w" sizes="(max-width: 300px) 100vw, 300px" /></div></div></div></div>

<style type="text/css" data-created_by="avia_inline_auto" id="style-css-av-av_one_third-0aa7055fe62c3622faec82866afbaeb2">
.flex_column.av-av_one_third-0aa7055fe62c3622faec82866afbaeb2{
border-radius:0px 0px 0px 0px;
-webkit-border-radius:0px 0px 0px 0px;
-moz-border-radius:0px 0px 0px 0px;
}
</style>
<div class='flex_column av-av_one_third-0aa7055fe62c3622faec82866afbaeb2 av_one_third  avia-builder-el-5  el_after_av_one_third  el_before_av_one_third  flex_column_div av-zero-column-padding column-top-margin'   ><section  class='av_textblock_section av-av_textblock-396ddf1f42196ca838231e61a4602801'  itemscope="itemscope" itemtype="https://schema.org/CreativeWork" ><div class='avia_textblock'  itemprop="text" ><p>Die renommierte <strong>Tischlerei Röseler</strong> in Eystrup wurde im Oktober 2008 von Marco Dreyer übernommen. Schon die Vorgänger von Marco Dreyer, August und Hermann Röseler, haben stets großen Wert auf solide handwerkliche Qualität gelegt, genau das hat den Betrieb weit über die Grenzen von Eystrup hinaus bekannt gemacht. Dieses Ziel hat sich auch Marco Dreyer gesetzt.</p>
</div></section></div>

<style type="text/css" data-created_by="avia_inline_auto" id="style-css-av-av_one_third-0aa7055fe62c3622faec82866afbaeb2">
.flex_column.av-av_one_third-0aa7055fe62c3622faec82866afbaeb2{
border-radius:0px 0px 0px 0px;
-webkit-border-radius:0px 0px 0px 0px;
-moz-border-radius:0px 0px 0px 0px;
}
</style>
<div class='flex_column av-av_one_third-0aa7055fe62c3622faec82866afbaeb2 av_one_third  avia-builder-el-7  el_after_av_one_third  avia-builder-el-last  flex_column_div av-zero-column-padding column-top-margin'   ><section  class='av_textblock_section av-av_textblock-396ddf1f42196ca838231e61a4602801'  itemscope="itemscope" itemtype="https://schema.org/CreativeWork" ><div class='avia_textblock'  itemprop="text" ><p>Das Angebot an Leistungen ist derart vielfältig, gemäß dem Motto “geht nicht, gibt es nicht”. Herr Dreyer steht Ihnen in einem Beratungsgespräch gerne zur Verfügung.</p>
<p>Wir sind nicht nur in den Landkreisen Nienburg, Verden, Diepholz und Soltau-Fallingbostel tätig!</p>
</div></section></div>
