{"id":734,"date":"2013-04-01T15:37:54","date_gmt":"2013-04-01T15:37:54","guid":{"rendered":"http:\/\/www.kriesi.at\/themes\/enfold\/?page_id=734"},"modified":"2017-08-02T10:03:38","modified_gmt":"2017-08-02T10:03:38","slug":"homepage","status":"publish","type":"page","link":"https:\/\/tischlereidreyer.de\/","title":{"rendered":"Homepage"},"content":{"rendered":"<div id='layer_slider_1'  class='avia-layerslider main_color avia-shadow  avia-builder-el-0  el_before_av_one_third  avia-builder-el-first  container_wrap sidebar_right'  style='height: 471px; max-width: 1140px; margin: 0 auto;'  ><\/div><div id='after_layer_slider_1'  class='main_color av_default_container_wrap container_wrap sidebar_right'  ><div class='container av-section-cont-open' ><div class='template-page content  av-content-small alpha units'><div class='post-entry post-entry-type-page post-entry-734'><div class='entry-content-wrapper clearfix'>\n\n<style type=\"text\/css\" data-created_by=\"avia_inline_auto\" id=\"style-css-av-av_one_third-6126cab7d8fab8d08143dd2dacdf673c\">\n.flex_column.av-av_one_third-6126cab7d8fab8d08143dd2dacdf673c{\nborder-radius:0px 0px 0px 0px;\n-webkit-border-radius:0px 0px 0px 0px;\n-moz-border-radius:0px 0px 0px 0px;\n}\n<\/style>\n<div class='flex_column av-av_one_third-6126cab7d8fab8d08143dd2dacdf673c av_one_third  avia-builder-el-1  el_after_av_layerslider  el_before_av_one_third  avia-builder-el-first  first flex_column_div av-zero-column-padding '   ><section  class='av_textblock_section av-av_textblock-396ddf1f42196ca838231e61a4602801'  itemscope=\"itemscope\" itemtype=\"https:\/\/schema.org\/CreativeWork\" ><div class='avia_textblock'  itemprop=\"text\" ><p><a href=\"http:\/\/tischlereidreyer.de\/?page_id=3330\"><img loading=\"lazy\" decoding=\"async\" class=\"size-medium wp-image-3346 aligncenter\" src=\"http:\/\/tischlereidreyer.de\/wp-content\/uploads\/2017\/06\/16-202x300.jpg\" alt=\"\" width=\"202\" height=\"300\" srcset=\"https:\/\/tischlereidreyer.de\/wp-content\/uploads\/2017\/06\/16-202x300.jpg 202w, https:\/\/tischlereidreyer.de\/wp-content\/uploads\/2017\/06\/16.jpg 323w\" sizes=\"auto, (max-width: 202px) 100vw, 202px\" \/><\/a><\/p>\n<h2><a href=\"http:\/\/tischlereidreyer.de\/?page_id=3330\">Haust\u00fcren &#8211; individuell f\u00fcr Sie<\/a><\/h2>\n<\/div><\/section><\/div>\n<style type=\"text\/css\" data-created_by=\"avia_inline_auto\" id=\"style-css-av-av_one_third-0aa7055fe62c3622faec82866afbaeb2\">\n.flex_column.av-av_one_third-0aa7055fe62c3622faec82866afbaeb2{\nborder-radius:0px 0px 0px 0px;\n-webkit-border-radius:0px 0px 0px 0px;\n-moz-border-radius:0px 0px 0px 0px;\n}\n<\/style>\n<div class='flex_column av-av_one_third-0aa7055fe62c3622faec82866afbaeb2 av_one_third  avia-builder-el-3  el_after_av_one_third  el_before_av_one_third  flex_column_div av-zero-column-padding '   ><section  class='av_textblock_section av-av_textblock-396ddf1f42196ca838231e61a4602801'  itemscope=\"itemscope\" itemtype=\"https:\/\/schema.org\/CreativeWork\" ><div class='avia_textblock'  itemprop=\"text\" ><h2>Handwerkliche Qualit\u00e4t direkt vom Fachmann aus Eystrup.<\/h2>\n<p>Unser Leistungsspektrum reicht vom Innenausbau, Fenster, T\u00fcren, Rolll\u00e4den bis hin zu Reparatur- sowie Restaurationsarbeiten und ist so vielf\u00e4ltig, dass unser Motto \u201cgeht nicht, gibt es nicht\u201d gilt.<\/p>\n<p>Dabei sind wir auch \u00fcber die Landkreise Nienburg, Verden, Diepholz und Soltau-Fallingbostel t\u00e4tig.<\/p>\n<p>Informieren Sie sich doch einfach auf den folgenden Seiten \u00fcber uns und unsere Leistungen. Haben Sie vorab Fragen? Dann rufen Sie uns an oder nutzen Sie hierzu unser Kontaktformular.<\/p>\n<p>Wir freuen uns auf Ihre Anfrage.<\/p>\n<\/div><\/section><\/div><\/p>\n\n<style type=\"text\/css\" data-created_by=\"avia_inline_auto\" id=\"style-css-av-av_one_third-0aa7055fe62c3622faec82866afbaeb2\">\n.flex_column.av-av_one_third-0aa7055fe62c3622faec82866afbaeb2{\nborder-radius:0px 0px 0px 0px;\n-webkit-border-radius:0px 0px 0px 0px;\n-moz-border-radius:0px 0px 0px 0px;\n}\n<\/style>\n<div class='flex_column av-av_one_third-0aa7055fe62c3622faec82866afbaeb2 av_one_third  avia-builder-el-5  el_after_av_one_third  avia-builder-el-last  flex_column_div av-zero-column-padding '   ><section  class='av_textblock_section av-av_textblock-396ddf1f42196ca838231e61a4602801'  itemscope=\"itemscope\" itemtype=\"https:\/\/schema.org\/CreativeWork\" ><div class='avia_textblock'  itemprop=\"text\" ><p><a href=\"http:\/\/tischlereidreyer.de\/?page_id=3487\"><img loading=\"lazy\" decoding=\"async\" class=\"size-medium wp-image-3315 aligncenter\" src=\"http:\/\/tischlereidreyer.de\/wp-content\/uploads\/2017\/05\/carports-300x300.jpg\" alt=\"\" width=\"300\" height=\"300\" srcset=\"https:\/\/tischlereidreyer.de\/wp-content\/uploads\/2017\/05\/carports-300x300.jpg 300w, https:\/\/tischlereidreyer.de\/wp-content\/uploads\/2017\/05\/carports-80x80.jpg 80w, https:\/\/tischlereidreyer.de\/wp-content\/uploads\/2017\/05\/carports-36x36.jpg 36w, https:\/\/tischlereidreyer.de\/wp-content\/uploads\/2017\/05\/carports-180x180.jpg 180w, https:\/\/tischlereidreyer.de\/wp-content\/uploads\/2017\/05\/carports.jpg 400w, https:\/\/tischlereidreyer.de\/wp-content\/uploads\/2017\/05\/carports-120x120.jpg 120w\" sizes=\"auto, (max-width: 300px) 100vw, 300px\" \/><\/a><\/p>\n<h2><a href=\"http:\/\/tischlereidreyer.de\/?page_id=3487\">Carports mit Stil<\/a><\/h2>\n<\/div><\/section><\/div>\n","protected":false},"excerpt":{"rendered":"<p>This is a Page excerpt. It will be displayed for search results<\/p>\n","protected":false},"author":1,"featured_media":0,"parent":0,"menu_order":0,"comment_status":"open","ping_status":"open","template":"","meta":{"footnotes":""},"class_list":["post-734","page","type-page","status-publish","hentry"],"_links":{"self":[{"href":"https:\/\/tischlereidreyer.de\/index.php?rest_route=\/wp\/v2\/pages\/734","targetHints":{"allow":["GET"]}}],"collection":[{"href":"https:\/\/tischlereidreyer.de\/index.php?rest_route=\/wp\/v2\/pages"}],"about":[{"href":"https:\/\/tischlereidreyer.de\/index.php?rest_route=\/wp\/v2\/types\/page"}],"author":[{"embeddable":true,"href":"https:\/\/tischlereidreyer.de\/index.php?rest_route=\/wp\/v2\/users\/1"}],"replies":[{"embeddable":true,"href":"https:\/\/tischlereidreyer.de\/index.php?rest_route=%2Fwp%2Fv2%2Fcomments&post=734"}],"version-history":[{"count":9,"href":"https:\/\/tischlereidreyer.de\/index.php?rest_route=\/wp\/v2\/pages\/734\/revisions"}],"predecessor-version":[{"id":3519,"href":"https:\/\/tischlereidreyer.de\/index.php?rest_route=\/wp\/v2\/pages\/734\/revisions\/3519"}],"wp:attachment":[{"href":"https:\/\/tischlereidreyer.de\/index.php?rest_route=%2Fwp%2Fv2%2Fmedia&parent=734"}],"curies":[{"name":"wp","href":"https:\/\/api.w.org\/{rel}","templated":true}]}}

<div id='layer_slider_1'  class='avia-layerslider main_color avia-shadow  avia-builder-el-0  el_before_av_one_third  avia-builder-el-first  container_wrap sidebar_right'  style='height: 471px; max-width: 1140px; margin: 0 auto;'  ></div><div id='after_layer_slider_1'  class='main_color av_default_container_wrap container_wrap sidebar_right'  ><div class='container av-section-cont-open' ><div class='template-page content  av-content-small alpha units'><div class='post-entry post-entry-type-page post-entry-734'><div class='entry-content-wrapper clearfix'>

<style type="text/css" data-created_by="avia_inline_auto" id="style-css-av-av_one_third-6126cab7d8fab8d08143dd2dacdf673c">
.flex_column.av-av_one_third-6126cab7d8fab8d08143dd2dacdf673c{
border-radius:0px 0px 0px 0px;
-webkit-border-radius:0px 0px 0px 0px;
-moz-border-radius:0px 0px 0px 0px;
}
</style>
<div class='flex_column av-av_one_third-6126cab7d8fab8d08143dd2dacdf673c av_one_third  avia-builder-el-1  el_after_av_layerslider  el_before_av_one_third  avia-builder-el-first  first flex_column_div av-zero-column-padding '   ><section  class='av_textblock_section av-av_textblock-396ddf1f42196ca838231e61a4602801'  itemscope="itemscope" itemtype="https://schema.org/CreativeWork" ><div class='avia_textblock'  itemprop="text" ><p><a href="http://tischlereidreyer.de/?page_id=3330"><img loading="lazy" decoding="async" class="size-medium wp-image-3346 aligncenter" src="http://tischlereidreyer.de/wp-content/uploads/2017/06/16-202x300.jpg" alt="" width="202" height="300" srcset="https://tischlereidreyer.de/wp-content/uploads/2017/06/16-202x300.jpg 202w, https://tischlereidreyer.de/wp-content/uploads/2017/06/16.jpg 323w" sizes="auto, (max-width: 202px) 100vw, 202px" /></a></p>
<h2><a href="http://tischlereidreyer.de/?page_id=3330">Haustüren &#8211; individuell für Sie</a></h2>
</div></section></div>
<style type="text/css" data-created_by="avia_inline_auto" id="style-css-av-av_one_third-0aa7055fe62c3622faec82866afbaeb2">
.flex_column.av-av_one_third-0aa7055fe62c3622faec82866afbaeb2{
border-radius:0px 0px 0px 0px;
-webkit-border-radius:0px 0px 0px 0px;
-moz-border-radius:0px 0px 0px 0px;
}
</style>
<div class='flex_column av-av_one_third-0aa7055fe62c3622faec82866afbaeb2 av_one_third  avia-builder-el-3  el_after_av_one_third  el_before_av_one_third  flex_column_div av-zero-column-padding '   ><section  class='av_textblock_section av-av_textblock-396ddf1f42196ca838231e61a4602801'  itemscope="itemscope" itemtype="https://schema.org/CreativeWork" ><div class='avia_textblock'  itemprop="text" ><h2>Handwerkliche Qualität direkt vom Fachmann aus Eystrup.</h2>
<p>Unser Leistungsspektrum reicht vom Innenausbau, Fenster, Türen, Rollläden bis hin zu Reparatur- sowie Restaurationsarbeiten und ist so vielfältig, dass unser Motto “geht nicht, gibt es nicht” gilt.</p>
<p>Dabei sind wir auch über die Landkreise Nienburg, Verden, Diepholz und Soltau-Fallingbostel tätig.</p>
<p>Informieren Sie sich doch einfach auf den folgenden Seiten über uns und unsere Leistungen. Haben Sie vorab Fragen? Dann rufen Sie uns an oder nutzen Sie hierzu unser Kontaktformular.</p>
<p>Wir freuen uns auf Ihre Anfrage.</p>
</div></section></div></p>

<style type="text/css" data-created_by="avia_inline_auto" id="style-css-av-av_one_third-0aa7055fe62c3622faec82866afbaeb2">
.flex_column.av-av_one_third-0aa7055fe62c3622faec82866afbaeb2{
border-radius:0px 0px 0px 0px;
-webkit-border-radius:0px 0px 0px 0px;
-moz-border-radius:0px 0px 0px 0px;
}
</style>
<div class='flex_column av-av_one_third-0aa7055fe62c3622faec82866afbaeb2 av_one_third  avia-builder-el-5  el_after_av_one_third  avia-builder-el-last  flex_column_div av-zero-column-padding '   ><section  class='av_textblock_section av-av_textblock-396ddf1f42196ca838231e61a4602801'  itemscope="itemscope" itemtype="https://schema.org/CreativeWork" ><div class='avia_textblock'  itemprop="text" ><p><a href="http://tischlereidreyer.de/?page_id=3487"><img loading="lazy" decoding="async" class="size-medium wp-image-3315 aligncenter" src="http://tischlereidreyer.de/wp-content/uploads/2017/05/carports-300x300.jpg" alt="" width="300" height="300" srcset="https://tischlereidreyer.de/wp-content/uploads/2017/05/carports-300x300.jpg 300w, https://tischlereidreyer.de/wp-content/uploads/2017/05/carports-80x80.jpg 80w, https://tischlereidreyer.de/wp-content/uploads/2017/05/carports-36x36.jpg 36w, https://tischlereidreyer.de/wp-content/uploads/2017/05/carports-180x180.jpg 180w, https://tischlereidreyer.de/wp-content/uploads/2017/05/carports.jpg 400w, https://tischlereidreyer.de/wp-content/uploads/2017/05/carports-120x120.jpg 120w" sizes="auto, (max-width: 300px) 100vw, 300px" /></a></p>
<h2><a href="http://tischlereidreyer.de/?page_id=3487">Carports mit Stil</a></h2>
</div></section></div>
